{"id":978,"date":"2021-09-23T06:12:18","date_gmt":"2021-09-23T06:12:18","guid":{"rendered":"http:\/\/www.fotoplus.com\/duas\/?page_id=978"},"modified":"2022-12-24T14:38:37","modified_gmt":"2022-12-24T14:38:37","slug":"revistas-academicas-relacionadas","status":"publish","type":"page","link":"https:\/\/fotoplus.com\/duas\/?page_id=978","title":{"rendered":"Revistas acad\u00eamicas relacionadas"},"content":{"rendered":"\n<hr class=\"wp-block-separator has-css-opacity is-style-wide\"\/>\n\n\n\n<p>A sele\u00e7\u00e3o apresentada n\u00e3o se pretende abrangente e serve para um acess<br>o r\u00e1pido. Consulte sempre o <a rel=\"noreferrer noopener\" href=\"http:\/\/www.periodicos.capes.gov.br\" target=\"_blank\">Portal de Peri\u00f3dicos do CAPES<\/a>.<br><\/p>\n\n\n\n<hr class=\"wp-block-separator has-alpha-channel-opacity is-style-wide\"\/>\n\n\n\n<p class=\"has-medium-font-size\"><strong>Artes visuais<\/strong> &amp;<strong> Hist\u00f3ria da arte<\/strong><\/p>\n\n\n\n<p><strong>MODOS: revista de hist\u00f3ria da arte<\/strong> (UNICAMP, Instituto de Arte, PPG Artes Visuais, vinculada a seis PPG Artes Visuais &#8211; UNICAMP, UFRJ, UnB, UFRGS, UFBA e UERJ, 2017-corrente, quadrimestral)<br><a rel=\"noreferrer noopener\" href=\"https:\/\/periodicos.sbu.unicamp.br\/ojs\/index.php\/mod\/index\" target=\"_blank\">https:\/\/periodicos.sbu.unicamp.br\/ojs\/index.php\/mod\/index<\/a><\/p>\n\n\n\n<p>.<strong>PORTO ARTE: Revista de Artes Visuais <\/strong>(UFRGS, PPG Artes Visuais, 1990-corrente, semestral atualmente)<br><a rel=\"noreferrer noopener\" href=\"https:\/\/seer.ufrgs.br\/PortoArte\" target=\"_blank\">https:\/\/seer.ufrgs.br\/PortoArte<\/a> <\/p>\n\n\n\n<p>.<strong>RAPS\u00d3DIA<\/strong><em>,<strong> <\/strong><\/em><strong>um almanaque de filosofia e arte<\/strong> (USP, FFLCH, PPG Filosofia, 2001-corrente, anual)<br><a href=\"https:\/\/www.revistas.usp.br\/rapsodia\/index\" target=\"_blank\" rel=\"noreferrer noopener\">https:\/\/www.revistas.usp.br\/rapsodia\/index<\/a><br><\/p>\n\n\n\n<hr class=\"wp-block-separator has-css-opacity is-style-wide\"\/>\n\n\n\n<hr class=\"wp-block-separator has-alpha-channel-opacity is-style-wide\"\/>\n\n\n\n<p class=\"has-medium-font-size\"><strong>Cultura visual<\/strong>: fotografia<\/p>\n\n\n\n<p><strong>Discursos fotogr\u00e1ficos<\/strong> (UEL, PPG Comunica\u00e7\u00e3o, 2005-corrente)<br><a href=\"https:\/\/ojs.uel.br\/revistas\/uel\/index.php\/discursosfotograficos\" target=\"_blank\" rel=\"noreferrer noopener\">https:\/\/ojs.uel.br\/revistas\/uel\/index.php\/discursosfotograficos<\/a><br><\/p>\n\n\n\n<hr class=\"wp-block-separator has-css-opacity is-style-wide\"\/>\n\n\n\n<p class=\"has-medium-font-size\"><strong>Hist\u00f3ria<\/strong><\/p>\n\n\n\n<p>.<strong>Aedos <\/strong>(UFRGS, PPG Hist\u00f3ria, 2008-corrente, semestral)<br><a rel=\"noreferrer noopener\" href=\"https:\/\/seer.ufrgs.br\/aedos\" target=\"_blank\">https:\/\/seer.ufrgs.br\/aedos<\/a><br><br>.<strong>Anais do Museu Paulista<\/strong> (USP, MP-USP, 1922-corrente, periodicidade vari\u00e1vel)<br><a rel=\"noreferrer noopener\" href=\"http:\/\/anais.mp.usp.br\/\" target=\"_blank\">http:\/\/anais.mp.usp.br\/<\/a> (links diretos)<br><a rel=\"noreferrer noopener\" href=\"http:\/\/www.mp.usp.br\/publicacoes\/anais-do-museu-paulista\" target=\"_blank\">http:\/\/www.mp.usp.br\/publicacoes\/anais-do-museu-paulista<\/a><br><a rel=\"noreferrer noopener\" href=\"https:\/\/www.scielo.br\/scielo.php?script=sci_serial&amp;pid=0101-4714&amp;lng=pt&amp;nrm=iso\" target=\"_blank\">https:\/\/www.scielo.br\/scielo.php?script=sci_serial&amp;pid=0101-4714&amp;lng=pt&amp;nrm=iso<\/a><br><br>.<strong>Anos 90<\/strong> (UFRGS, PPG Hist\u00f3ria, 1993, anual, com varia\u00e7\u00f5es)<br><a rel=\"noreferrer noopener\" href=\"https:\/\/seer.ufrgs.br\/anos90\" target=\"_blank\">https:\/\/seer.ufrgs.br\/anos90<\/a><br><br>.<strong>Ant\u00edtesis <\/strong>(UEL, PPG Hist\u00f3ria Social, 2008-corrente, semestral)<br><a rel=\"noreferrer noopener\" href=\"http:\/\/www.uel.br\/revistas\/uel\/index.php\/antiteses\" target=\"_blank\">http:\/\/www.uel.br\/revistas\/uel\/index.php\/antiteses<\/a> (link direto)<br><br>.<strong>Di\u00e1logos <\/strong>(UEM, Departamento de Hist\u00f3ria, 1997-corrente, quadrimestral)<br><a rel=\"noreferrer noopener\" href=\"http:\/\/periodicos.uem.br\/ojs\/index.php\/Dialogos\" target=\"_blank\">http:\/\/periodicos.uem.br\/ojs\/index.php\/Dialogos<\/a> (link direto)<br><br>.<strong>Hist\u00f3ria: quest\u00f5es &amp; debate<\/strong>s (UFPR, PPGHIS, 1980-corrente, semestral)<br><a rel=\"noreferrer noopener\" href=\"https:\/\/revistas.ufpr.br\/historia\" target=\"_blank\">https:\/\/revistas.ufpr.br\/historia<\/a> (link direto)<\/p>\n\n\n\n<p>.<strong>Hist\u00f3ria da Historiografia <\/strong>(Sociedade Brasileira de Teoria e Hist\u00f3ria da Historiografia (<a rel=\"noreferrer noopener\" href=\"http:\/\/www.sbthh.org.br\" target=\"_blank\">SBTHH<\/a>, *2009), PPG Hist\u00f3ria-UNIRIO, PPG Hist\u00f3ria \u2013 UFOP, 2008-corrente, quadrimestral)<br><a rel=\"noreferrer noopener\" href=\"https:\/\/historiadahistoriografia.com.br\/revista\" target=\"_blank\">https:\/\/historiadahistoriografia.com.br\/revista<\/a> (link direto)<br><a href=\"https:\/\/issuu.com\/historia_historiografia\" target=\"_blank\" rel=\"noreferrer noopener\">https:\/\/issuu.com\/historia_historiografia<\/a> (link direto, n\u00ba 1-18)<br><br>.<strong>Hist\u00f3ria Hoje<\/strong> (ANPUH, 2003-corrente, periodicidade irregular, hoje semestral)<br><a rel=\"noreferrer noopener\" href=\"https:\/\/anpuh.org.br\/index.php\/revistas-anpuh\/revista-historia-hoje-i\" target=\"_blank\">https:\/\/anpuh.org.br\/index.php\/revistas-anpuh\/revista-historia-hoje-i<\/a><\/p>\n\n\n\n<p>.<strong>Hist\u00f3ria Social<\/strong> (UNICAMP, PPG Hist\u00f3ria-IFCH, 1994-corrente, anual, depois semestral)<br><a rel=\"noreferrer noopener\" href=\"https:\/\/www.ifch.unicamp.br\/ojs\/index.php\/rhs\/index\" target=\"_blank\">https:\/\/www.ifch.unicamp.br\/ojs\/index.php\/rhs\/index<\/a> (link direto)<\/p>\n\n\n\n<p> .<strong>Locus: Revista de Hist\u00f3ria<\/strong> (UFJF, PPG Hist\u00f3ra, 1995-corrente, semestral) <br><a rel=\"noreferrer noopener\" href=\"https:\/\/periodicos.ufjf.br\/index.php\/locus\/index\" target=\"_blank\">https:\/\/periodicos.ufjf.br\/index.php\/locus\/index<\/a> (link direto)<\/p>\n\n\n\n<p>.<strong>LPH \u2013 Revista de Hist\u00f3ria da UFOP <\/strong>(1990-2010, encerrada)<br>Laborat\u00f3rio de Pesquisa, Ensino e Extens\u00e3o em Hist\u00f3ria<br><a rel=\"noreferrer noopener\" href=\"https:\/\/lph.ichs.ufop.br\/lph-revista-de-hist\u00f3ria\/lph-revista-de-hist\u00f3ria\" target=\"_blank\">https:\/\/lph.ichs.ufop.br\/lph-revista-de-hist\u00f3ria\/lph-revista-de-hist\u00f3ria<\/a><br><br>.<strong>Opsis <\/strong>(Revista Opsis) (UFG, Regional Catal\u00e3o, 2001-corrente, semestral)<br><a rel=\"noreferrer noopener\" href=\"https:\/\/www.revistas.ufg.br\/Opsis\" target=\"_blank\">https:\/\/www.revistas.ufg.br\/Opsis<\/a> (link direto)<br><br>.<strong>Projeto Hist\u00f3ria<\/strong> (PUC-SP, PPG Hist\u00f3ria, 1981-corrente, periodicidade vari\u00e1vel: atualmente, quadrimestral)<br><a rel=\"noreferrer noopener\" href=\"https:\/\/revistas.pucsp.br\/index.php\/revph\" target=\"_blank\">https:\/\/revistas.pucsp.br\/index.php\/revph<\/a> (link direto)<br><br>.<strong>Revista Brasileira de Hist\u00f3ria <\/strong>(<a rel=\"noreferrer noopener\" href=\"https:\/\/anpuh.org.br\" target=\"_blank\"><strong>ANPUH<\/strong>,<\/a> 1978-corrente, periodicidade semestral)<br><a rel=\"noreferrer noopener\" href=\"https:\/\/anpuh.org.br\/index.php\/revistas-anpuh\/rbh\" target=\"_blank\">https:\/\/anpuh.org.br\/index.php\/revistas-anpuh\/rbh<\/a> (link direto)<br><br>.<strong>Revista de Hist\u00f3ria<\/strong> (USP, Departamento de Hist\u00f3ria, 1950-corrente, periodicidade vari\u00e1vel)<br><a rel=\"noreferrer noopener\" href=\"https:\/\/revhistoria.usp.br\/index.php\" target=\"_blank\">https:\/\/revhistoria.usp.br\/index.php <\/a>(link direto)<br><br>.<strong>Revista de Hist\u00f3ria Comparada<\/strong> (UFRJ, PPG Hist\u00f3ria Comparada, 2007-corrente, semestral)<br><a rel=\"noreferrer noopener\" href=\"https:\/\/revistas.ufrj.br\/index.php\/RevistaHistoriaComparada\" target=\"_blank\">https:\/\/revistas.ufrj.br\/index.php\/RevistaHistoriaComparada<\/a> (link direto)<\/p>\n\n\n\n<p>.<strong>Revista de Teoria da Hist\u00f3ria<\/strong> (UFG, 2009-corrente, semestral)<br><a rel=\"noreferrer noopener\" href=\"https:\/\/www.revistas.ufg.br\/teoria\" target=\"_blank\">https:\/\/www.revistas.ufg.br\/teoria<\/a> (link direto)<\/p>\n\n\n\n<p>.<strong>Revista Estudos Hist\u00f3ricos<\/strong> (Escola de Ci\u00eancias Sociais-FGV, 1988-corrente, quadrimestral)<br><a rel=\"noreferrer noopener\" href=\"http:\/\/bibliotecadigital.fgv.br\/ojs\/index.php\/reh\" target=\"_blank\">http:\/\/bibliotecadigital.fgv.br\/ojs\/index.php\/reh<\/a><br><br>.<strong>Revista Hist\u00f3ria, Hist\u00f3rias <\/strong>(UnB, PPG Hist\u00f3ria, 2013-corrente, semestral)<br><a rel=\"noreferrer noopener\" href=\"https:\/\/periodicos.unb.br\/index.php\/hh\/index\" target=\"_blank\">https:\/\/periodicos.unb.br\/index.php\/hh\/index<\/a><br><br>.<strong>Revista Tempo e Argumento<\/strong> (UDESC, PPG Hist\u00f3ria, 2009-correne, quadrimestral)<br><a rel=\"noreferrer noopener\" href=\"https:\/\/www.revistas.udesc.br\/index.php\/tempo\" target=\"_blank\">https:\/\/www.revistas.udesc.br\/index.php\/tempo<\/a> (link direto)<\/p>\n\n\n\n<p><strong>.Varia Historia<\/strong> (UFMG, PPG Hist\u00f3ria (1985-corrente, quadrimestral a partir de 2014) (originalmente <em>Revista do Departamento de Hist\u00f3ria da Universidade Federal de Minas Gerais<\/em>)<br><a rel=\"noreferrer noopener\" href=\"http:\/\/www.scielo.br\/scielo.php?script=sci_serial&amp;pid=0104-8775\" target=\"_blank\">http:\/\/www.scielo.br\/scielo.php?script=sci_serial&amp;pid=0104-8775<\/a> (link direto)<br><br>.<strong>Topoi: revista de hist\u00f3ria<\/strong> (UFRJ, PPG Hist\u00f3ria Social, 2000-corrente, periodicidade vari\u00e1vel)<br><a rel=\"noreferrer noopener\" href=\"https:\/\/revistatopoi.org\" target=\"_blank\">https:\/\/revistatopoi.org<\/a> (link direto)<br><br><\/p>\n\n\n\n<hr class=\"wp-block-separator has-alpha-channel-opacity is-style-wide\"\/>\n\n\n\n<p><\/p>\n","protected":false},"excerpt":{"rendered":"<p>A sele\u00e7\u00e3o apresentada n\u00e3o se pretende abrangente e serve para um acesso r\u00e1pido. Consulte sempre o Portal de Peri\u00f3dicos do CAPES. Artes visuais &amp; Hist\u00f3ria da arte MODOS: revista de hist\u00f3ria da arte (UNICAMP, Instituto de Arte, PPG Artes Visuais, vinculada a seis PPG Artes Visuais &#8211; UNICAMP, UFRJ, UnB, UFRGS, UFBA e UERJ, 2017-corrente, &hellip; <a href=\"https:\/\/fotoplus.com\/duas\/?page_id=978\" class=\"more-link\">Continue lendo<span class=\"screen-reader-text\"> &#8220;Revistas acad\u00eamicas relacionadas&#8221;<\/span><\/a><\/p>\n","protected":false},"author":2,"featured_media":0,"parent":30,"menu_order":0,"comment_status":"closed","ping_status":"closed","template":"","meta":{"footnotes":""},"class_list":["post-978","page","type-page","status-publish","hentry"],"_links":{"self":[{"href":"https:\/\/fotoplus.com\/duas\/index.php?rest_route=\/wp\/v2\/pages\/978","targetHints":{"allow":["GET"]}}],"collection":[{"href":"https:\/\/fotoplus.com\/duas\/index.php?rest_route=\/wp\/v2\/pages"}],"about":[{"href":"https:\/\/fotoplus.com\/duas\/index.php?rest_route=\/wp\/v2\/types\/page"}],"author":[{"embeddable":true,"href":"https:\/\/fotoplus.com\/duas\/index.php?rest_route=\/wp\/v2\/users\/2"}],"replies":[{"embeddable":true,"href":"https:\/\/fotoplus.com\/duas\/index.php?rest_route=%2Fwp%2Fv2%2Fcomments&post=978"}],"version-history":[{"count":16,"href":"https:\/\/fotoplus.com\/duas\/index.php?rest_route=\/wp\/v2\/pages\/978\/revisions"}],"predecessor-version":[{"id":1161,"href":"https:\/\/fotoplus.com\/duas\/index.php?rest_route=\/wp\/v2\/pages\/978\/revisions\/1161"}],"up":[{"embeddable":true,"href":"https:\/\/fotoplus.com\/duas\/index.php?rest_route=\/wp\/v2\/pages\/30"}],"wp:attachment":[{"href":"https:\/\/fotoplus.com\/duas\/index.php?rest_route=%2Fwp%2Fv2%2Fmedia&parent=978"}],"curies":[{"name":"wp","href":"https:\/\/api.w.org\/{rel}","templated":true}]}}