{"id":43,"date":"2018-12-12T04:03:46","date_gmt":"2018-12-12T04:03:46","guid":{"rendered":"http:\/\/www.fotoplus.com\/duas\/?page_id=43"},"modified":"2021-09-23T06:52:25","modified_gmt":"2021-09-23T06:52:25","slug":"portais-internet","status":"publish","type":"page","link":"https:\/\/fotoplus.com\/duas\/?page_id=43","title":{"rendered":"Portais: internet"},"content":{"rendered":"<hr \/>\n<p><strong>REFER\u00caNCIA <\/strong>| Iconogr\u00e1ficos\u00a0 | Blogs<\/p>\n<p>\u00a0<\/p>\n<p><strong>FotoPlus<\/strong> (bases de dados: 2003-2008, 2015-corrente) <strong>Brasil<\/strong><br \/><a href=\"http:\/\/\/www.fotoplus.com\" target=\"_blank\" rel=\"noopener noreferrer\">http:\/\/\/www.fotoplus.com<\/a><br \/>A partir de bases de dados sobre Fotografia no Brasil &#8211; eventos e bibliografia em especial- re\u00fane diversas a\u00e7\u00f5es online realizadas desde a cria\u00e7\u00e3o do portal em 1997. <br \/>(RM, 2018.12.11)<\/p>\n<p>\u00a0<\/p>\n\n\n<hr class=\"wp-block-separator is-style-wide\"\/>\n\n\n<p>Refer\u00eancia | <strong>ICONOGR\u00c1FICOS | <\/strong>Blogs<strong><br \/><\/strong><\/p>\n<p>\u00a0<\/p>\n<ul>\n<li><strong>foto-CH <\/strong>|(bases de dados, 201x, nova vers\u00e3o em 2017-) <strong>Su\u00ed\u00e7a<\/strong><br \/>Fotografie in der Schweiz und im F\u00fcrstentum Liechtenstein<br \/><a href=\"https:\/\/de.foto-ch.ch\" target=\"_blank\" rel=\"noreferrer noopener\">https:\/\/de.foto-ch.ch<\/a><br \/>Cobrindo a produ\u00e7\u00e3o e circula\u00e7\u00e3o de imagens na Su\u00ed\u00e7a e Liechtenstein desde 1839, merece aten\u00e7\u00e3o tamb\u00e9m pela interface de apresenta\u00e7\u00e3o.<br \/>(RM, 2019.02.16)<\/li>\n<\/ul>\n<ul>\n<li><a href=\"https:\/\/www.flickr.com\/photos\/photohistorytimeline\/\"><strong>The history of photography Archiv<\/strong><\/a>e (Flickr) (Archive Farm Collection &#8211; <strong>EUA<\/strong>)<br \/><a href=\"http:\/\/www.photohistorytimeline.com\/?page_id=2\">Photo History Time Line<\/a> (site)<br \/>Photo History Time Line (Flickr)<br \/>\u00c1lbum &#8220;<a href=\"https:\/\/www.flickr.com\/photos\/photohistorytimeline\/albums\/72157624732091934\">Books On The History of Photography<\/a>&#8221; (capas)<br \/>(RM, 2020.03.17)<br \/><br \/><\/li>\n<\/ul>\n\n\n<hr class=\"wp-block-separator is-style-wide\"\/>\n\n\n\n<p>Refer\u00eancia | <strong>Iconogr\u00e1ficos<\/strong> | <strong>BLOGS<\/strong><br><br><br>.<strong>Photo Histories<\/strong>:\u00a0The Photographers\u2019 History of Photography (2007-corrente)<br><a rel=\"noreferrer noopener\" href=\"http:\/\/www.photohistories.com\" target=\"_blank\">http:\/\/www.photohistories.com<\/a><br>Organizado por Graham Harrison <br>(RM\/2018.12.11)<\/p>\n","protected":false},"excerpt":{"rendered":"<p>REFER\u00caNCIA | Iconogr\u00e1ficos\u00a0 | Blogs \u00a0 FotoPlus (bases de dados: 2003-2008, 2015-corrente) Brasilhttp:\/\/\/www.fotoplus.comA partir de bases de dados sobre Fotografia no Brasil &#8211; eventos e bibliografia em especial- re\u00fane diversas a\u00e7\u00f5es online realizadas desde a cria\u00e7\u00e3o do portal em 1997. (RM, 2018.12.11) \u00a0 Refer\u00eancia | ICONOGR\u00c1FICOS | Blogs \u00a0 foto-CH |(bases de dados, 201x, nova &hellip; <a href=\"https:\/\/fotoplus.com\/duas\/?page_id=43\" class=\"more-link\">Continue lendo<span class=\"screen-reader-text\"> &#8220;Portais: internet&#8221;<\/span><\/a><\/p>\n","protected":false},"author":1,"featured_media":0,"parent":30,"menu_order":0,"comment_status":"closed","ping_status":"closed","template":"","meta":{"footnotes":""},"class_list":["post-43","page","type-page","status-publish","hentry"],"_links":{"self":[{"href":"https:\/\/fotoplus.com\/duas\/index.php?rest_route=\/wp\/v2\/pages\/43","targetHints":{"allow":["GET"]}}],"collection":[{"href":"https:\/\/fotoplus.com\/duas\/index.php?rest_route=\/wp\/v2\/pages"}],"about":[{"href":"https:\/\/fotoplus.com\/duas\/index.php?rest_route=\/wp\/v2\/types\/page"}],"author":[{"embeddable":true,"href":"https:\/\/fotoplus.com\/duas\/index.php?rest_route=\/wp\/v2\/users\/1"}],"replies":[{"embeddable":true,"href":"https:\/\/fotoplus.com\/duas\/index.php?rest_route=%2Fwp%2Fv2%2Fcomments&post=43"}],"version-history":[{"count":20,"href":"https:\/\/fotoplus.com\/duas\/index.php?rest_route=\/wp\/v2\/pages\/43\/revisions"}],"predecessor-version":[{"id":989,"href":"https:\/\/fotoplus.com\/duas\/index.php?rest_route=\/wp\/v2\/pages\/43\/revisions\/989"}],"up":[{"embeddable":true,"href":"https:\/\/fotoplus.com\/duas\/index.php?rest_route=\/wp\/v2\/pages\/30"}],"wp:attachment":[{"href":"https:\/\/fotoplus.com\/duas\/index.php?rest_route=%2Fwp%2Fv2%2Fmedia&parent=43"}],"curies":[{"name":"wp","href":"https:\/\/api.w.org\/{rel}","templated":true}]}}