{"id":170,"date":"2020-12-29T03:49:28","date_gmt":"2020-12-29T06:49:28","guid":{"rendered":"http:\/\/www.fotoplus.com\/catalog\/?page_id=170"},"modified":"2020-12-29T04:43:42","modified_gmt":"2020-12-29T07:43:42","slug":"thesauri-vocabularios-etc","status":"publish","type":"page","link":"https:\/\/fotoplus.com\/catalog\/?page_id=170","title":{"rendered":"Thesauri, Vocabul\u00e1rios etc"},"content":{"rendered":"\n<p><strong>Ontologia<\/strong> | <strong>Taxonomia<\/strong> | <strong>Thesauru<\/strong>s | <strong>Vocabul\u00e1rio Controlado<\/strong><br><br>Existem diversas ferramentas de apoio que exploram as rela\u00e7\u00f5es sem\u00e2nticas entre termos, que visam a recupera\u00e7\u00e3o de informa\u00e7\u00e3o, procurando contornar dificuldades geradas no uso corrente das &#8220;linguagens naturais&#8221;.<\/p>\n\n\n\n<ul class=\"wp-block-list\"><li>Synonymy \u2013 same or similar meaning<\/li><li>Antonymy \u2013 opposite meaning<\/li><li>Hyponymy \u2013 narrower meaning, subclass<\/li><li>Hypernymy \u2013 broader meaning, superclass<\/li><li>Being an instance \u2013 being an example of the class, set membership<\/li><li>Meronymy \u2013 part, such as wheel of a car<\/li><li>Holonymy \u2013 whole, such as car of a wheel<\/li><\/ul>\n\n\n\n<p><br>Veja tamb\u00e9m a p\u00e1gina: <a href=\"http:\/\/www.fotoplus.com\/catalog\/wp-admin\/post.php?post=128&amp;action=edit\">Thesaurus: bibliografias e refer\u00eancias<\/a><br><br><\/p>\n","protected":false},"excerpt":{"rendered":"<p>Ontologia | Taxonomia | Thesaurus | Vocabul\u00e1rio Controlado Existem diversas ferramentas de apoio que exploram as rela\u00e7\u00f5es sem\u00e2nticas entre termos, que visam a recupera\u00e7\u00e3o de informa\u00e7\u00e3o, procurando contornar dificuldades geradas no uso corrente das &#8220;linguagens naturais&#8221;. Synonymy \u2013 same or similar meaning Antonymy \u2013 opposite meaning Hyponymy \u2013 narrower meaning, subclass Hypernymy \u2013 broader meaning, &hellip; <a href=\"https:\/\/fotoplus.com\/catalog\/?page_id=170\" class=\"more-link\">Continue lendo<span class=\"screen-reader-text\"> &#8220;Thesauri, Vocabul\u00e1rios etc&#8221;<\/span><\/a><\/p>\n","protected":false},"author":1,"featured_media":0,"parent":0,"menu_order":0,"comment_status":"closed","ping_status":"closed","template":"","meta":{"footnotes":""},"class_list":["post-170","page","type-page","status-publish","hentry"],"_links":{"self":[{"href":"https:\/\/fotoplus.com\/catalog\/index.php?rest_route=\/wp\/v2\/pages\/170","targetHints":{"allow":["GET"]}}],"collection":[{"href":"https:\/\/fotoplus.com\/catalog\/index.php?rest_route=\/wp\/v2\/pages"}],"about":[{"href":"https:\/\/fotoplus.com\/catalog\/index.php?rest_route=\/wp\/v2\/types\/page"}],"author":[{"embeddable":true,"href":"https:\/\/fotoplus.com\/catalog\/index.php?rest_route=\/wp\/v2\/users\/1"}],"replies":[{"embeddable":true,"href":"https:\/\/fotoplus.com\/catalog\/index.php?rest_route=%2Fwp%2Fv2%2Fcomments&post=170"}],"version-history":[{"count":6,"href":"https:\/\/fotoplus.com\/catalog\/index.php?rest_route=\/wp\/v2\/pages\/170\/revisions"}],"predecessor-version":[{"id":184,"href":"https:\/\/fotoplus.com\/catalog\/index.php?rest_route=\/wp\/v2\/pages\/170\/revisions\/184"}],"wp:attachment":[{"href":"https:\/\/fotoplus.com\/catalog\/index.php?rest_route=%2Fwp%2Fv2%2Fmedia&parent=170"}],"curies":[{"name":"wp","href":"https:\/\/api.w.org\/{rel}","templated":true}]}}