{"id":16,"date":"2010-11-12T20:20:53","date_gmt":"2010-11-12T20:20:53","guid":{"rendered":"http:\/\/fotoplus.com\/catalog\/?page_id=16"},"modified":"2023-03-08T11:15:55","modified_gmt":"2023-03-08T14:15:55","slug":"thesaurus-online","status":"publish","type":"page","link":"https:\/\/fotoplus.com\/catalog\/?page_id=16","title":{"rendered":"Thesaurus online"},"content":{"rendered":"\n<p>Algumas experi\u00eancias em thesaurus, vocabul\u00e1rios controlados etc em diversos segmentos e diferentes escopos. A ideia \u00e9 estimular a troca de experi\u00eancias e estrat\u00e9gias.<\/p>\n\n\n\n<hr class=\"wp-block-separator has-css-opacity\"\/>\n\n\n\n<p class=\"has-medium-font-size\">| <strong>Brasil <\/strong>| Internacional |<\/p>\n\n\n\n<p>.<strong>Arquivo Hist\u00f3rico Municipal de S\u00e3o Paulo<\/strong> (2010-2015)<br>.http:\/\/www.arquiamigos.org.br\/thesaurus.htm (<strong>Descri\u00e7\u00e3o arquiv\u00edstica<\/strong>)<br>.<a rel=\"noreferrer noopener\" href=\"http:\/\/www.arquivohistorico.sp.gov.br\" target=\"_blank\">http:\/\/www.arquivohistorico.sp.gov.br <\/a>(link direto)<br><\/p>\n\n\n\n<p>.<strong>Biblioteca Naciona<\/strong>l &#8211; BN (thesaurus)<a><br>.<\/a><strong><a href=\"http:\/\/www.bn.br\">http:\/\/www.bn.br<\/a><\/strong><\/p>\n\n\n\n<p><\/p>\n\n\n\n<p>.<strong>FotoPlus<\/strong>: bases de dados (S\u00e3o Paulo\/SP)<br>.<a href=\"http:\/\/www.fotoplus.com\/catalog\/?page_id=114\">http:\/\/www.fotoplus.com\/catalog\/?page_id=114<\/a><br><a rel=\"noreferrer noopener\" href=\"http:\/\/www.fotoplus.com\" target=\"_blank\">.http:\/\/www.fotoplus.com<\/a> (link gen\u00e9rico)<\/p>\n\n\n\n<p><strong>.Funda\u00e7\u00e3o Energia e Saneamento<\/strong> (Museu da Energia &#8211; SP)<br><strong><a href=\"http:\/\/www.museudaenergia.com.br\" target=\"_blank\" rel=\"noreferrer noopener\">http:\/\/www.museudaenergia.com.br<\/a><\/strong> (Vocabul\u00e1rio controlado &#8211; exige LOGIN)<\/p>\n\n\n\n<p>.<strong>Governo Eletr\u00f4nico &#8211; Vocabul\u00e1rios e Ontologia<\/strong>s &#8211; e-VoG (2015, desativado)<br><a rel=\"noreferrer noopener\" href=\"http:\/\/www.governoeletronico.gov.br\/acoes-e-projetos\/e-ping-padroes-de-interoperabilidade\/e-VoG\" target=\"_blank\">http:\/\/www.governoeletronico.gov.br\/acoes-e-projetos\/e-ping-padroes-de-interoperabilidade\/e-VoG<\/a><br><a rel=\"noreferrer noopener\" href=\"http:\/\/vocab.e.gov.br\" target=\"_blank\">http:\/\/vocab.e.gov.br<\/a><\/p>\n\n\n\n<p>.M<strong>ASP &#8211; Museu de Arte de S\u00e3o Paul<\/strong>o &#8211; Biblioteca (artes)<br><strong><a href=\"http:\/\/www.masp.art.br\" target=\"_blank\" rel=\"noreferrer noopener\">http:\/\/www.masp.art.br<\/a><\/strong><\/p>\n\n\n\n<p>.<strong>Minist\u00e9rio do Planejamento, Or\u00e7amento e Gest\u00e3o<\/strong> <br>(CNAE &#8211; atividades econ\u00f4micas &#8211; CNAE-IBGE)<br><a rel=\"noreferrer noopener\" href=\"http:\/www.cnae.ibge.gov.br\" target=\"_blank\">http:\/www.cnae.ibge.gov.br<\/a><\/p>\n\n\n\n<p>.<strong>Minist\u00e9rio do Trabalho e Emprego <\/strong>&#8211; CBO &#8211; Classifica\u00e7\u00e3o Brasileira de Ocupa\u00e7\u00f5es &#8211; listagem &amp; base de dados<br><a href=\"http:\/\/www.mtecbo.gov.br\" target=\"_blank\" rel=\"noreferrer noopener\">http:\/\/www.mtecbo.gov.br<\/a><\/p>\n\n\n\n<p>.<strong>Museu da Cidade de S\u00e3o Paulo<\/strong> \/ DPH \/ SMC\/ PMSP (fotografia &#8211; n\u00e3o dispon\u00edvel online)<br><strong><a href=\"http:\/\/www.prefeitura.sp.gov.br\" target=\"_blank\" rel=\"noreferrer noopener\">http:\/\/www.prefeitura.sp.gov.br<\/a><\/strong><\/p>\n\n\n\n<p>.<strong>Museu Lasar Segall &#8211; MLS <\/strong>(thesaurus &#8211; fotografia)<br><strong><a href=\"http:\/\/www.museusegall.org.br\" target=\"_blank\" rel=\"noreferrer noopener\">http:\/\/www.museusegall.org.br<\/a><\/strong><\/p>\n\n\n\n<p>.<strong>USP-SIBI<\/strong> (Vocabul\u00e1rio Controlado)<br><strong><a rel=\"noreferrer noopener\" href=\"https:\/\/vocabusp.abcd.usp.br\/Vocab\/\" target=\"_blank\">https:\/\/vocabusp.abcd.usp.br\/Vocab\/<\/a><\/strong> (link update: 2023.03.08)<\/p>\n\n\n\n<p><\/p>\n\n\n\n<hr class=\"wp-block-separator has-css-opacity\"\/>\n\n\n\n<p class=\"has-medium-font-size\"><br>| Brasil | <strong>Internacional <\/strong>|<a><br><\/a><\/p>\n\n\n\n<p><strong>ESDS &#8211; Humanities and Social Science Electronic Thesaurus<\/strong> (Reino Unido)<br><a rel=\"noreferrer noopener\" href=\"https:\/\/hasset.ukdataservice.ac.uk\/hasset\/en\/\" target=\"_blank\">htt<strong>ps:\/\/hasset.ukdataservice.ac.uk\/hasset\/en\/ <\/strong><\/a> (link update: 2023.03.08)<br><\/p>\n\n\n\n<p>Getty Vocabularies (EUA)<br><strong><a href=\"http:\/\/www.getty.edu\/research\/tools\/vocabularies\">http:\/\/www.getty.edu<\/a><\/strong><br><\/p>\n\n\n\n<p>Iconclass (NL)<br><strong><a href=\"http:\/\/www.iconclass.nl\">http:\/\/www.iconclass.nl<\/a><\/strong><br><\/p>\n\n\n\n<p>Library of Congress (EUA) (LC Authorities and Vocabularies)<br><strong><a href=\"http:\/\/id.loc.gov\">http:\/\/id.loc.gov<\/a><\/strong><br><\/p>\n\n\n\n<hr class=\"wp-block-separator has-css-opacity\"\/>\n\n\n\n<p><strong>Ontopi<\/strong>:<br><a href=\"http:\/\/www.ontopia.net\">http:\/\/www.ontopia.net<\/a><br>Desenvolvedor de software para Topic Maps traz bons p\u00e1ginas FAQ.<\/p>\n\n\n\n<hr class=\"wp-block-separator has-css-opacity\"\/>\n","protected":false},"excerpt":{"rendered":"<p>Algumas experi\u00eancias em thesaurus, vocabul\u00e1rios controlados etc em diversos segmentos e diferentes escopos. A ideia \u00e9 estimular a troca de experi\u00eancias e estrat\u00e9gias. | Brasil | Internacional | .Arquivo Hist\u00f3rico Municipal de S\u00e3o Paulo (2010-2015).http:\/\/www.arquiamigos.org.br\/thesaurus.htm (Descri\u00e7\u00e3o arquiv\u00edstica).http:\/\/www.arquivohistorico.sp.gov.br (link direto) .Biblioteca Nacional &#8211; BN (thesaurus).http:\/\/www.bn.br .FotoPlus: bases de dados (S\u00e3o Paulo\/SP).http:\/\/www.fotoplus.com\/catalog\/?page_id=114.http:\/\/www.fotoplus.com (link gen\u00e9rico) .Funda\u00e7\u00e3o Energia e &hellip; <a href=\"https:\/\/fotoplus.com\/catalog\/?page_id=16\" class=\"more-link\">Continue lendo<span class=\"screen-reader-text\"> &#8220;Thesaurus online&#8221;<\/span><\/a><\/p>\n","protected":false},"author":1,"featured_media":0,"parent":0,"menu_order":0,"comment_status":"closed","ping_status":"closed","template":"","meta":{"footnotes":""},"class_list":["post-16","page","type-page","status-publish","hentry"],"_links":{"self":[{"href":"https:\/\/fotoplus.com\/catalog\/index.php?rest_route=\/wp\/v2\/pages\/16","targetHints":{"allow":["GET"]}}],"collection":[{"href":"https:\/\/fotoplus.com\/catalog\/index.php?rest_route=\/wp\/v2\/pages"}],"about":[{"href":"https:\/\/fotoplus.com\/catalog\/index.php?rest_route=\/wp\/v2\/types\/page"}],"author":[{"embeddable":true,"href":"https:\/\/fotoplus.com\/catalog\/index.php?rest_route=\/wp\/v2\/users\/1"}],"replies":[{"embeddable":true,"href":"https:\/\/fotoplus.com\/catalog\/index.php?rest_route=%2Fwp%2Fv2%2Fcomments&post=16"}],"version-history":[{"count":20,"href":"https:\/\/fotoplus.com\/catalog\/index.php?rest_route=\/wp\/v2\/pages\/16\/revisions"}],"predecessor-version":[{"id":261,"href":"https:\/\/fotoplus.com\/catalog\/index.php?rest_route=\/wp\/v2\/pages\/16\/revisions\/261"}],"wp:attachment":[{"href":"https:\/\/fotoplus.com\/catalog\/index.php?rest_route=%2Fwp%2Fv2%2Fmedia&parent=16"}],"curies":[{"name":"wp","href":"https:\/\/api.w.org\/{rel}","templated":true}]}}