{"id":114,"date":"2020-12-27T22:39:58","date_gmt":"2020-12-28T01:39:58","guid":{"rendered":"http:\/\/fotoplus.com\/catalog\/?page_id=114"},"modified":"2025-06-12T02:44:42","modified_gmt":"2025-06-12T05:44:42","slug":"vocabulario-controlado-fotoplus","status":"publish","type":"page","link":"https:\/\/fotoplus.com\/catalog\/?page_id=114","title":{"rendered":"Vocabul\u00e1rio controlado FotoPlus"},"content":{"rendered":"\n<p class=\"has-text-align-right\" style=\"font-size:11px\"><strong>Apresenta\u00e7\u00e3o |<\/strong><br>Abrir frame em outra p\u00e1gina, clique <a href=\"https:\/\/fotoplus.com\/thes352\/vocab\/index.php?tema=1&amp;\/cultura-visual\" target=\"_blank\" rel=\"noreferrer noopener\">aqui<\/a> | Visualiza\u00e7\u00e3o gr\u00e1fica |<\/p>\n\n\n\n<style>\n       .errordiv { padding:10px; margin:10px; border: 1px solid #555555;color: #000000;background-color: #f8f8f8; width:500px; }#advanced_iframe {visibility:visible;opacity:1;vertical-align:top;}.ai-info-bottom-iframe { position: fixed; z-index: 10000; bottom:0; left: 0; margin: 0px; text-align: center; width: 100%; background-color: #ff9999; padding-left: 5px;padding-bottom: 5px; border-top: 1px solid #aaa } a.ai-bold {font-weight: bold;}#ai-layer-div-advanced_iframe p {height:100%;margin:0;padding:0}<\/style><script type=\"text\/javascript\">var ai_iframe_width_advanced_iframe = 0;var ai_iframe_height_advanced_iframe = 0;var aiOnloadScrollTop=\"true\";var aiShowDebug=false;\n\t\tif (typeof aiReadyCallbacks === 'undefined') {\n\t\t\tvar aiReadyCallbacks = [];\n\t\t} else if (!(aiReadyCallbacks instanceof Array)) {\n\t\t\tvar aiReadyCallbacks = [];\n\t\t}    function aiShowIframeId(id_iframe) { jQuery(\"#\"+id_iframe).css(\"visibility\", \"visible\");    }    function aiResizeIframeHeight(height) { aiResizeIframeHeight(height,advanced_iframe); }    function aiResizeIframeHeightId(height,width,id) {aiResizeIframeHeightById(id,height);}<\/script><iframe id=\"advanced_iframe\"  name=\"advanced_iframe\"  src=\"https:\/\/fotoplus.com\/thes352\/vocab\/index.php?tema=1&#038;\/cultura-visual\"  width=\"100%\"  height=\"1000\"  frameborder=\"1\"  allowtransparency=\"true\"  loading=\"lazy\"  style=\";border-width: 1px;;width:100%;height:1000px;\" ><\/iframe><script type=\"text\/javascript\">var ifrm_advanced_iframe = document.getElementById(\"advanced_iframe\");var hiddenTabsDoneadvanced_iframe = false;\nfunction resizeCallbackadvanced_iframe() {}<\/script><script type=\"text\/javascript\"><\/script><p style=\"display:block !important; visibility:visible !important;margin: -18px 14px 0 0;padding-left: 3px;padding-top:3px;background: white; overflow: hidden; position: relative; line-height:15px;width: fit-content;\"><small style=\"display:block !important;visibility:visible !important\">powered by Advanced iFrame<\/small><\/p>\n\n\n\n<p><\/p>\n\n\n\n<h3 class=\"wp-block-heading\"><strong>Apresenta\u00e7\u00e3o<\/strong><\/h3>\n\n\n\n<p><br>A implanta\u00e7\u00e3o do vocabul\u00e1rio controlado nas bases <strong>FotoPlus <\/strong>\u00e9 uma preocupa\u00e7\u00e3o constante desde sua fase inicial em 2003 com in\u00edcio de disponibiliza\u00e7\u00e3o do acesso internet.  <br><br>A ado\u00e7\u00e3o na d\u00e9cada de 1990 do sistema de gest\u00e3o de dados baseado no CDS\/ISIS ainda no sistema operacional Microsoft DOS gerou padr\u00f5es de descritores, motivados pela limita\u00e7\u00e3o de caracteres que deixaram marcas permanentes.<\/p>\n\n\n\n<p><\/p>\n","protected":false},"excerpt":{"rendered":"<p>Apresenta\u00e7\u00e3o |Abrir frame em outra p\u00e1gina, clique aqui | Visualiza\u00e7\u00e3o gr\u00e1fica | Apresenta\u00e7\u00e3o A implanta\u00e7\u00e3o do vocabul\u00e1rio controlado nas bases FotoPlus \u00e9 uma preocupa\u00e7\u00e3o constante desde sua fase inicial em 2003 com in\u00edcio de disponibiliza\u00e7\u00e3o do acesso internet. A ado\u00e7\u00e3o na d\u00e9cada de 1990 do sistema de gest\u00e3o de dados baseado no CDS\/ISIS ainda no &hellip; <a href=\"https:\/\/fotoplus.com\/catalog\/?page_id=114\" class=\"more-link\">Continue lendo<span class=\"screen-reader-text\"> &#8220;Vocabul\u00e1rio controlado FotoPlus&#8221;<\/span><\/a><\/p>\n","protected":false},"author":1,"featured_media":0,"parent":0,"menu_order":0,"comment_status":"closed","ping_status":"closed","template":"template-page-builder-no-sidebar.php","meta":{"footnotes":""},"class_list":["post-114","page","type-page","status-publish","hentry"],"_links":{"self":[{"href":"https:\/\/fotoplus.com\/catalog\/index.php?rest_route=\/wp\/v2\/pages\/114","targetHints":{"allow":["GET"]}}],"collection":[{"href":"https:\/\/fotoplus.com\/catalog\/index.php?rest_route=\/wp\/v2\/pages"}],"about":[{"href":"https:\/\/fotoplus.com\/catalog\/index.php?rest_route=\/wp\/v2\/types\/page"}],"author":[{"embeddable":true,"href":"https:\/\/fotoplus.com\/catalog\/index.php?rest_route=\/wp\/v2\/users\/1"}],"replies":[{"embeddable":true,"href":"https:\/\/fotoplus.com\/catalog\/index.php?rest_route=%2Fwp%2Fv2%2Fcomments&post=114"}],"version-history":[{"count":33,"href":"https:\/\/fotoplus.com\/catalog\/index.php?rest_route=\/wp\/v2\/pages\/114\/revisions"}],"predecessor-version":[{"id":305,"href":"https:\/\/fotoplus.com\/catalog\/index.php?rest_route=\/wp\/v2\/pages\/114\/revisions\/305"}],"wp:attachment":[{"href":"https:\/\/fotoplus.com\/catalog\/index.php?rest_route=%2Fwp%2Fv2%2Fmedia&parent=114"}],"curies":[{"name":"wp","href":"https:\/\/api.w.org\/{rel}","templated":true}]}}

Vocabulário controlado FotoPlus

<p class="has-text-align-right" style="font-size:11px"><strong>Apresentação |</strong><br>Abrir frame em outra página, clique <a href="https://fotoplus.com/thes352/vocab/index.php?tema=1&amp;/cultura-visual" target="_blank" rel="noreferrer noopener">aqui</a> | Visualização gráfica |</p>



<style>
       .errordiv { padding:10px; margin:10px; border: 1px solid #555555;color: #000000;background-color: #f8f8f8; width:500px; }#advanced_iframe {visibility:visible;opacity:1;vertical-align:top;}.ai-info-bottom-iframe { position: fixed; z-index: 10000; bottom:0; left: 0; margin: 0px; text-align: center; width: 100%; background-color: #ff9999; padding-left: 5px;padding-bottom: 5px; border-top: 1px solid #aaa } a.ai-bold {font-weight: bold;}#ai-layer-div-advanced_iframe p {height:100%;margin:0;padding:0}</style><script type="text/javascript">var ai_iframe_width_advanced_iframe = 0;var ai_iframe_height_advanced_iframe = 0;var aiOnloadScrollTop="true";var aiShowDebug=false;
		if (typeof aiReadyCallbacks === 'undefined') {
			var aiReadyCallbacks = [];
		} else if (!(aiReadyCallbacks instanceof Array)) {
			var aiReadyCallbacks = [];
		}    function aiShowIframeId(id_iframe) { jQuery("#"+id_iframe).css("visibility", "visible");    }    function aiResizeIframeHeight(height) { aiResizeIframeHeight(height,advanced_iframe); }    function aiResizeIframeHeightId(height,width,id) {aiResizeIframeHeightById(id,height);}</script><iframe id="advanced_iframe"  name="advanced_iframe"  src="https://fotoplus.com/thes352/vocab/index.php?tema=1&#038;/cultura-visual"  width="100%"  height="1000"  frameborder="1"  allowtransparency="true"  loading="lazy"  style=";border-width: 1px;;width:100%;height:1000px;" ></iframe><script type="text/javascript">var ifrm_advanced_iframe = document.getElementById("advanced_iframe");var hiddenTabsDoneadvanced_iframe = false;
function resizeCallbackadvanced_iframe() {}</script><script type="text/javascript"></script><p style="display:block !important; visibility:visible !important;margin: -18px 14px 0 0;padding-left: 3px;padding-top:3px;background: white; overflow: hidden; position: relative; line-height:15px;width: fit-content;"><small style="display:block !important;visibility:visible !important">powered by Advanced iFrame</small></p>



<p></p>



<h3 class="wp-block-heading"><strong>Apresentação</strong></h3>



<p><br>A implantação do vocabulário controlado nas bases <strong>FotoPlus </strong>é uma preocupação constante desde sua fase inicial em 2003 com início de disponibilização do acesso internet.  <br><br>A adoção na década de 1990 do sistema de gestão de dados baseado no CDS/ISIS ainda no sistema operacional Microsoft DOS gerou padrões de descritores, motivados pela limitação de caracteres que deixaram marcas permanentes.</p>



<p></p>

<p>Apresentação |Abrir frame em outra página, clique aqui | Visualização gráfica | Apresentação A implantação do vocabulário controlado nas bases FotoPlus é uma preocupação constante desde sua fase inicial em 2003 com início de disponibilização do acesso internet. A adoção na década de 1990 do sistema de gestão de dados baseado no CDS/ISIS ainda no &hellip; <a href="https://fotoplus.com/catalog/?page_id=114" class="more-link">Continue lendo<span class="screen-reader-text"> &#8220;Vocabulário controlado FotoPlus&#8221;</span></a></p>
