{"id":509,"date":"2014-09-26T18:32:30","date_gmt":"2014-09-26T18:32:30","guid":{"rendered":"http:\/\/fotoplus.com\/acesso\/?page_id=509"},"modified":"2021-10-27T06:57:36","modified_gmt":"2021-10-27T09:57:36","slug":"arquivos-publicos","status":"publish","type":"page","link":"https:\/\/fotoplus.com\/acesso\/?page_id=509","title":{"rendered":"Arquivos P\u00fablicos"},"content":{"rendered":"<p>Acervos digitais em destaque:<\/p>\n<p><strong>Cear\u00e1<\/strong><\/p>\n<ul>\n<li><a href=\"https:\/\/acervo.fortaleza.ce.gov.br\/\" target=\"_blank\" rel=\"noopener noreferrer\">Acervos da Cidade de Fortaleza<\/a>\u00a0 (link direto)<br \/>\nhemeroteca, cartografia, iconografia&#8230;<\/li>\n<\/ul>\n<p><strong>Rio de Janeiro<\/strong><\/p>\n<ul>\n<li><a title=\"Arquivo Geral da Cidade do Rio de Janeiro\" href=\"http:\/\/fotoplus.com\/acesso\/?p=507\">Arquivo Geral da Cidade do Rio de Janeiro<\/a><\/li>\n<li><a href=\"http:\/\/www.arquivonacional.gov.br\" target=\"_blank\" rel=\"noopener noreferrer\">Arquivo Naciona<\/a>l (link direto)<\/li>\n<\/ul>\n<p><strong>S\u00e3o Paulo<\/strong><\/p>\n<ul>\n<li><a title=\"Arquivo P\u00fablico do Estado de S\u00e3o Paulo\" href=\"http:\/\/www.arquivoestado.sp.gov.br\/acervo_digitalizado.php\" target=\"_blank\" rel=\"noopener noreferrer\">Arquivo P\u00fablico do Estado de S\u00e3o Paulo<\/a><\/li>\n<li>Arquivo Hist\u00f3rico de S\u00e3o Paulo (PMSP)<\/li>\n<\/ul>\n","protected":false},"excerpt":{"rendered":"<p>Acervos digitais em destaque: Cear\u00e1 Acervos da Cidade de Fortaleza\u00a0 (link direto) hemeroteca, cartografia, iconografia&#8230; Rio de Janeiro Arquivo Geral da Cidade do Rio de Janeiro Arquivo Nacional (link direto) S\u00e3o Paulo Arquivo P\u00fablico do Estado de S\u00e3o Paulo Arquivo Hist\u00f3rico de S\u00e3o Paulo (PMSP)<\/p>\n","protected":false},"author":1,"featured_media":0,"parent":0,"menu_order":0,"comment_status":"closed","ping_status":"open","template":"","meta":{"footnotes":""},"class_list":["post-509","page","type-page","status-publish","hentry"],"_links":{"self":[{"href":"https:\/\/fotoplus.com\/acesso\/index.php?rest_route=\/wp\/v2\/pages\/509","targetHints":{"allow":["GET"]}}],"collection":[{"href":"https:\/\/fotoplus.com\/acesso\/index.php?rest_route=\/wp\/v2\/pages"}],"about":[{"href":"https:\/\/fotoplus.com\/acesso\/index.php?rest_route=\/wp\/v2\/types\/page"}],"author":[{"embeddable":true,"href":"https:\/\/fotoplus.com\/acesso\/index.php?rest_route=\/wp\/v2\/users\/1"}],"replies":[{"embeddable":true,"href":"https:\/\/fotoplus.com\/acesso\/index.php?rest_route=%2Fwp%2Fv2%2Fcomments&post=509"}],"version-history":[{"count":2,"href":"https:\/\/fotoplus.com\/acesso\/index.php?rest_route=\/wp\/v2\/pages\/509\/revisions"}],"predecessor-version":[{"id":1235,"href":"https:\/\/fotoplus.com\/acesso\/index.php?rest_route=\/wp\/v2\/pages\/509\/revisions\/1235"}],"wp:attachment":[{"href":"https:\/\/fotoplus.com\/acesso\/index.php?rest_route=%2Fwp%2Fv2%2Fmedia&parent=509"}],"curies":[{"name":"wp","href":"https:\/\/api.w.org\/{rel}","templated":true}]}}