{"id":397,"date":"2012-04-15T19:38:17","date_gmt":"2012-04-15T22:38:17","guid":{"rendered":"http:\/\/www.fotoplus.com\/acesso\/?page_id=397"},"modified":"2021-01-19T13:51:42","modified_gmt":"2021-01-19T16:51:42","slug":"estatisticas","status":"publish","type":"page","link":"https:\/\/fotoplus.com\/acesso\/?page_id=397","title":{"rendered":"Estat\u00edsticas"},"content":{"rendered":"<p>P\u00e1ginas e servi\u00e7os <em>online<\/em> de estat\u00edsticas<\/p>\n<p><strong>Gen\u00e9rico<\/strong><\/p>\n<p><a title=\"Worldometers\" href=\"http:\/\/www.worldometers.info\/pt\/\"><strong>Worldometers<\/strong><\/a> &#8211; estat\u00edsticas mundiais em tempo real<\/p>\n<p><strong>Brasil<\/strong><\/p>\n<p><a href=\"http:\/\/www.fotoplus.com\/acesso\/?p=1175\">Censos demogr\u00e1ficos<\/a><\/p>\n<p><strong>S\u00e3o Paulo (estado) &#8211; BR<\/strong><\/p>\n<p><a title=\"Centro de Estudos da Metr\u00f3pole\" href=\"http:\/\/www.fotoplus.com\/acesso\/?p=498\">Centro de Estudos da Metr\u00f3pole<\/a> &#8211; Censos demogr\u00e1ficos e PNADs<\/p>\n","protected":false},"excerpt":{"rendered":"<p>P\u00e1ginas e servi\u00e7os online de estat\u00edsticas Gen\u00e9rico Worldometers &#8211; estat\u00edsticas mundiais em tempo real Brasil Censos demogr\u00e1ficos S\u00e3o Paulo (estado) &#8211; BR Centro de Estudos da Metr\u00f3pole &#8211; Censos demogr\u00e1ficos e PNADs<\/p>\n","protected":false},"author":1,"featured_media":0,"parent":0,"menu_order":0,"comment_status":"closed","ping_status":"closed","template":"","meta":{"footnotes":""},"class_list":["post-397","page","type-page","status-publish","hentry"],"_links":{"self":[{"href":"https:\/\/fotoplus.com\/acesso\/index.php?rest_route=\/wp\/v2\/pages\/397","targetHints":{"allow":["GET"]}}],"collection":[{"href":"https:\/\/fotoplus.com\/acesso\/index.php?rest_route=\/wp\/v2\/pages"}],"about":[{"href":"https:\/\/fotoplus.com\/acesso\/index.php?rest_route=\/wp\/v2\/types\/page"}],"author":[{"embeddable":true,"href":"https:\/\/fotoplus.com\/acesso\/index.php?rest_route=\/wp\/v2\/users\/1"}],"replies":[{"embeddable":true,"href":"https:\/\/fotoplus.com\/acesso\/index.php?rest_route=%2Fwp%2Fv2%2Fcomments&post=397"}],"version-history":[{"count":1,"href":"https:\/\/fotoplus.com\/acesso\/index.php?rest_route=\/wp\/v2\/pages\/397\/revisions"}],"predecessor-version":[{"id":1177,"href":"https:\/\/fotoplus.com\/acesso\/index.php?rest_route=\/wp\/v2\/pages\/397\/revisions\/1177"}],"wp:attachment":[{"href":"https:\/\/fotoplus.com\/acesso\/index.php?rest_route=%2Fwp%2Fv2%2Fmedia&parent=397"}],"curies":[{"name":"wp","href":"https:\/\/api.w.org\/{rel}","templated":true}]}}

Estatísticas

<p>Páginas e serviços <em>online</em> de estatísticas</p>
<p><strong>Genérico</strong></p>
<p><a title="Worldometers" href="http://www.worldometers.info/pt/"><strong>Worldometers</strong></a> &#8211; estatísticas mundiais em tempo real</p>
<p><strong>Brasil</strong></p>
<p><a href="http://www.fotoplus.com/acesso/?p=1175">Censos demográficos</a></p>
<p><strong>São Paulo (estado) &#8211; BR</strong></p>
<p><a title="Centro de Estudos da Metrópole" href="http://www.fotoplus.com/acesso/?p=498">Centro de Estudos da Metrópole</a> &#8211; Censos demográficos e PNADs</p>

<p>Páginas e serviços online de estatísticas Genérico Worldometers &#8211; estatísticas mundiais em tempo real Brasil Censos demográficos São Paulo (estado) &#8211; BR Centro de Estudos da Metrópole &#8211; Censos demográficos e PNADs</p>
