{"id":39,"date":"2010-09-27T17:57:24","date_gmt":"2010-09-27T17:57:24","guid":{"rendered":"http:\/\/fotoplus.com\/acesso\/?page_id=39"},"modified":"2020-08-19T03:03:00","modified_gmt":"2020-08-19T06:03:00","slug":"bibliotecas-digitais","status":"publish","type":"page","link":"https:\/\/fotoplus.com\/acesso\/?page_id=39","title":{"rendered":"Bibliotecas digitais"},"content":{"rendered":"\n<p>Veja tamb\u00e9m reposit\u00f3rios em: <a href=\"http:\/\/www.fotoplus.com\/acesso\/?p=991\">Bibliotecas acad\u00eamicas \u2013 Brasil<\/a><\/p>\n\n\n\n<p><\/p>\n\n\n\n<p class=\"has-medium-font-size\"><strong>Livros<\/strong><\/p>\n\n\n\n<p><a href=\"http:\/\/bndigital.bn.gov.br\/\" target=\"_blank\" rel=\"noopener noreferrer\"><strong>BN Digital<\/strong><\/a><\/p>\n\n\n\n<p><a title=\"BORE-USP\" href=\"http:\/\/fotoplus.com\/acesso\/?p=558\"><strong>Biblioteca Digital de Obras Raras, Especiais e Documenta\u00e7\u00e3o Hist\u00f3rica da USP <\/strong><\/a>(2003, 2013)<\/p>\n\n\n\n<p><strong><a title=\"Brasiliana: Companhia Editora Nacional\" href=\"http:\/\/fotoplus.com\/acesso\/?p=41\" target=\"_self\" rel=\"noopener noreferrer\">Brasiliana: Companhia Editora Nacional<\/a> <\/strong>&#8211; projeto UFRJ (2010)<\/p>\n\n\n\n<p><strong><a href=\"http:\/\/www.fotoplus.com\/acesso\/?p=780\">IPHAN<\/a><\/strong> &#8211; publica\u00e7\u00f5es<\/p>\n\n\n\n<p><a href=\"http:\/\/www.fotoplus.com\/acesso\/?p=802\"><strong>Portal Dom\u00ednio P\u00fablic<\/strong>o<\/a><\/p>\n\n\n\n<p><strong><a title=\"Tesouros da Cidade - SP - Livros\" href=\"http:\/\/fotoplus.com\/acesso\/?p=566\">Tesouros da Cidade (SP)<\/a><\/strong> &#8211; Livros (SMC\/BMA)<\/p>\n\n\n\n<p>Para jornais, revistas e outras publica\u00e7\u00f5es seriadas, acesse o link <a href=\"http:\/\/www.fotoplus.com\/acesso\/?page_id=10\"><strong>Imprensa<\/strong><\/a><\/p>\n","protected":false},"excerpt":{"rendered":"<p>Veja tamb\u00e9m reposit\u00f3rios em: Bibliotecas acad\u00eamicas \u2013 Brasil Livros BN Digital Biblioteca Digital de Obras Raras, Especiais e Documenta\u00e7\u00e3o Hist\u00f3rica da USP (2003, 2013) Brasiliana: Companhia Editora Nacional &#8211; projeto UFRJ (2010) IPHAN &#8211; publica\u00e7\u00f5es Portal Dom\u00ednio P\u00fablico Tesouros da Cidade (SP) &#8211; Livros (SMC\/BMA) Para jornais, revistas e outras publica\u00e7\u00f5es seriadas, acesse o link &hellip; <a href=\"https:\/\/fotoplus.com\/acesso\/?page_id=39\" class=\"more-link\">Continue lendo<span class=\"screen-reader-text\"> &#8220;Bibliotecas digitais&#8221;<\/span><\/a><\/p>\n","protected":false},"author":1,"featured_media":0,"parent":0,"menu_order":0,"comment_status":"closed","ping_status":"closed","template":"","meta":{"footnotes":""},"class_list":["post-39","page","type-page","status-publish","hentry"],"_links":{"self":[{"href":"https:\/\/fotoplus.com\/acesso\/index.php?rest_route=\/wp\/v2\/pages\/39","targetHints":{"allow":["GET"]}}],"collection":[{"href":"https:\/\/fotoplus.com\/acesso\/index.php?rest_route=\/wp\/v2\/pages"}],"about":[{"href":"https:\/\/fotoplus.com\/acesso\/index.php?rest_route=\/wp\/v2\/types\/page"}],"author":[{"embeddable":true,"href":"https:\/\/fotoplus.com\/acesso\/index.php?rest_route=\/wp\/v2\/users\/1"}],"replies":[{"embeddable":true,"href":"https:\/\/fotoplus.com\/acesso\/index.php?rest_route=%2Fwp%2Fv2%2Fcomments&post=39"}],"version-history":[{"count":11,"href":"https:\/\/fotoplus.com\/acesso\/index.php?rest_route=\/wp\/v2\/pages\/39\/revisions"}],"predecessor-version":[{"id":1058,"href":"https:\/\/fotoplus.com\/acesso\/index.php?rest_route=\/wp\/v2\/pages\/39\/revisions\/1058"}],"wp:attachment":[{"href":"https:\/\/fotoplus.com\/acesso\/index.php?rest_route=%2Fwp%2Fv2%2Fmedia&parent=39"}],"curies":[{"name":"wp","href":"https:\/\/api.w.org\/{rel}","templated":true}]}}