{"id":338,"date":"2011-09-21T19:55:19","date_gmt":"2011-09-21T19:55:19","guid":{"rendered":"http:\/\/fotoplus.com\/acesso\/?page_id=338"},"modified":"2011-09-21T19:55:19","modified_gmt":"2011-09-21T19:55:19","slug":"radio-jornalismo-musica","status":"publish","type":"page","link":"https:\/\/fotoplus.com\/acesso\/?page_id=338","title":{"rendered":"R\u00e1dio"},"content":{"rendered":"<p>Acervos relativos \u00e0 <strong>r\u00e1dio<\/strong> (jornalismo, m\u00fasica&#8230;)<\/p>\n<p>.<a title=\"Media History Digital Library (EUA)\" href=\"http:\/\/fotoplus.com\/acesso\/?p=334\" target=\"_self\"><strong>Media History Digital Library<\/strong><\/a> (peri\u00f3dicos &#8211; EUA)<\/p>\n","protected":false},"excerpt":{"rendered":"<p>Acervos relativos \u00e0 r\u00e1dio (jornalismo, m\u00fasica&#8230;) .Media History Digital Library (peri\u00f3dicos &#8211; EUA)<\/p>\n","protected":false},"author":1,"featured_media":0,"parent":0,"menu_order":0,"comment_status":"closed","ping_status":"closed","template":"","meta":{"footnotes":""},"class_list":["post-338","page","type-page","status-publish","hentry"],"_links":{"self":[{"href":"https:\/\/fotoplus.com\/acesso\/index.php?rest_route=\/wp\/v2\/pages\/338","targetHints":{"allow":["GET"]}}],"collection":[{"href":"https:\/\/fotoplus.com\/acesso\/index.php?rest_route=\/wp\/v2\/pages"}],"about":[{"href":"https:\/\/fotoplus.com\/acesso\/index.php?rest_route=\/wp\/v2\/types\/page"}],"author":[{"embeddable":true,"href":"https:\/\/fotoplus.com\/acesso\/index.php?rest_route=\/wp\/v2\/users\/1"}],"replies":[{"embeddable":true,"href":"https:\/\/fotoplus.com\/acesso\/index.php?rest_route=%2Fwp%2Fv2%2Fcomments&post=338"}],"version-history":[{"count":0,"href":"https:\/\/fotoplus.com\/acesso\/index.php?rest_route=\/wp\/v2\/pages\/338\/revisions"}],"wp:attachment":[{"href":"https:\/\/fotoplus.com\/acesso\/index.php?rest_route=%2Fwp%2Fv2%2Fmedia&parent=338"}],"curies":[{"name":"wp","href":"https:\/\/api.w.org\/{rel}","templated":true}]}}

Rádio

<p>Acervos relativos à <strong>rádio</strong> (jornalismo, música&#8230;)</p>
<p>.<a title="Media History Digital Library (EUA)" href="http://fotoplus.com/acesso/?p=334" target="_self"><strong>Media History Digital Library</strong></a> (periódicos &#8211; EUA)</p>

<p>Acervos relativos à rádio (jornalismo, música&#8230;) .Media History Digital Library (periódicos &#8211; EUA)</p>
